Last updated on 2024-07-18 09:52:39 CEST.
Flavor | Version | Tinstall | Tcheck | Ttotal | Status | Flags |
---|---|---|---|---|---|---|
r-devel-linux-x86_64-debian-clang | 0.7.1 | 4.05 | 118.15 | 122.20 | OK | |
r-devel-linux-x86_64-debian-gcc | 0.7.1 | 2.79 | 87.31 | 90.10 | OK | |
r-devel-linux-x86_64-fedora-clang | 0.7.1 | 149.28 | NOTE | |||
r-devel-linux-x86_64-fedora-gcc | 0.7.1 | 154.43 | NOTE | |||
r-devel-windows-x86_64 | 0.7.1 | 6.00 | 107.00 | 113.00 | OK | |
r-patched-linux-x86_64 | 0.7.1 | 4.80 | 109.03 | 113.83 | OK | |
r-release-linux-x86_64 | 0.7.1 | 3.64 | 110.65 | 114.29 | OK | |
r-release-macos-arm64 | 0.7.1 | 52.00 | OK | |||
r-release-macos-x86_64 | 0.7.1 | 77.00 | OK | |||
r-release-windows-x86_64 | 0.7.1 | 5.00 | 109.00 | 114.00 | OK | |
r-oldrel-macos-arm64 | 0.7.1 | 54.00 | OK | |||
r-oldrel-macos-x86_64 | 0.7.1 | 121.00 | OK | |||
r-oldrel-windows-x86_64 | 0.7.1 | 6.00 | 122.00 | 128.00 | OK |
Version: 0.7.1
Check: data for non-ASCII characters
Result: NOTE
Note: found 17 marked UTF-8 strings
Flavors: r-devel-linux-x86_64-fedora-clang, r-devel-linux-x86_64-fedora-gcc