Last updated on 2024-07-18 09:52:39 CEST.
Flavor | Version | Tinstall | Tcheck | Ttotal | Status | Flags |
---|---|---|---|---|---|---|
r-devel-linux-x86_64-debian-clang | 0.1.0 | 3.27 | 42.03 | 45.30 | OK | |
r-devel-linux-x86_64-debian-gcc | 0.1.0 | 2.71 | 32.66 | 35.37 | OK | |
r-devel-linux-x86_64-fedora-clang | 0.1.0 | 59.90 | NOTE | |||
r-devel-linux-x86_64-fedora-gcc | 0.1.0 | 68.16 | NOTE | |||
r-devel-windows-x86_64 | 0.1.0 | 5.00 | 57.00 | 62.00 | OK | |
r-patched-linux-x86_64 | 0.1.0 | 2.22 | 40.73 | 42.95 | OK | |
r-release-linux-x86_64 | 0.1.0 | 2.31 | 40.15 | 42.46 | OK | |
r-release-macos-arm64 | 0.1.0 | 28.00 | OK | |||
r-release-macos-x86_64 | 0.1.0 | 40.00 | OK | |||
r-release-windows-x86_64 | 0.1.0 | 5.00 | 57.00 | 62.00 | OK | |
r-oldrel-macos-arm64 | 0.1.0 | 29.00 | OK | |||
r-oldrel-macos-x86_64 | 0.1.0 | 45.00 | OK | |||
r-oldrel-windows-x86_64 | 0.1.0 | 6.00 | 60.00 | 66.00 | OK |
Version: 0.1.0
Check: dependencies in R code
Result: NOTE
Namespaces in Imports field not imported from:
‘BBmisc’ ‘badger’
All declared Imports should be used.
Flavors: r-devel-linux-x86_64-fedora-clang, r-devel-linux-x86_64-fedora-gcc