Last updated on 2024-07-18 09:52:39 CEST.
Flavor | Version | Tinstall | Tcheck | Ttotal | Status | Flags |
---|---|---|---|---|---|---|
r-devel-linux-x86_64-debian-clang | 1.15.0 | 172.13 | 228.13 | 400.26 | OK | |
r-devel-linux-x86_64-debian-gcc | 1.15.0 | 105.48 | 176.13 | 281.61 | OK | |
r-devel-linux-x86_64-fedora-clang | 1.15.0 | 558.68 | OK | |||
r-devel-linux-x86_64-fedora-gcc | 1.15.0 | 569.35 | OK | |||
r-devel-windows-x86_64 | 1.15.0 | 131.00 | 237.00 | 368.00 | OK | |
r-patched-linux-x86_64 | 1.15.0 | 137.29 | 225.10 | 362.39 | OK | |
r-release-linux-x86_64 | 1.15.0 | 141.16 | 220.57 | 361.73 | OK | |
r-release-macos-arm64 | 1.15.0 | 126.00 | NOTE | |||
r-release-macos-x86_64 | 1.15.0 | 210.00 | NOTE | |||
r-release-windows-x86_64 | 1.15.0 | 133.00 | 239.00 | 372.00 | OK | |
r-oldrel-macos-arm64 | 1.15.0 | 147.00 | NOTE | |||
r-oldrel-macos-x86_64 | 1.15.0 | 222.00 | NOTE | |||
r-oldrel-windows-x86_64 | 1.15.0 | 167.00 | 282.00 | 449.00 | OK |
Version: 1.15.0
Check: installed package size
Result: NOTE
installed size is 6.6Mb
sub-directories of 1Mb or more:
libs 4.6Mb
Flavors: r-release-macos-arm64, r-release-macos-x86_64, r-oldrel-macos-arm64, r-oldrel-macos-x86_64