Last updated on 2024-07-18 09:52:39 CEST.
Flavor | Version | Tinstall | Tcheck | Ttotal | Status | Flags |
---|---|---|---|---|---|---|
r-devel-linux-x86_64-debian-clang | 0.8.1 | 8.88 | 101.50 | 110.38 | OK | |
r-devel-linux-x86_64-debian-gcc | 0.8.1 | 6.02 | 76.45 | 82.47 | OK | |
r-devel-linux-x86_64-fedora-clang | 0.8.1 | 138.92 | NOTE | |||
r-devel-linux-x86_64-fedora-gcc | 0.8.1 | 142.31 | NOTE | |||
r-devel-windows-x86_64 | 0.8.1 | 7.00 | 88.00 | 95.00 | OK | |
r-patched-linux-x86_64 | 0.8.1 | 6.70 | 93.20 | 99.90 | OK | |
r-release-linux-x86_64 | 0.8.1 | 5.98 | 94.06 | 100.04 | OK | |
r-release-macos-arm64 | 0.8.1 | 42.00 | OK | |||
r-release-macos-x86_64 | 0.8.1 | 66.00 | OK | |||
r-release-windows-x86_64 | 0.8.1 | 8.00 | 88.00 | 96.00 | OK | |
r-oldrel-macos-arm64 | 0.8.1 | 47.00 | OK | |||
r-oldrel-macos-x86_64 | 0.8.1 | 75.00 | OK | |||
r-oldrel-windows-x86_64 | 0.8.1 | 10.00 | 100.00 | 110.00 | OK |
Version: 0.8.1
Check: dependencies in R code
Result: NOTE
Namespace in Imports field not imported from: ‘rpart’
All declared Imports should be used.
Flavors: r-devel-linux-x86_64-fedora-clang, r-devel-linux-x86_64-fedora-gcc