Last updated on 2024-07-18 09:52:40 CEST.
Flavor | Version | Tinstall | Tcheck | Ttotal | Status | Flags |
---|---|---|---|---|---|---|
r-devel-linux-x86_64-debian-clang | 1.1.0 | 2.47 | 228.31 | 230.78 | NOTE | |
r-devel-linux-x86_64-debian-gcc | 1.1.0 | 1.64 | 153.92 | 155.56 | NOTE | |
r-devel-linux-x86_64-fedora-clang | 1.1.0 | 280.66 | NOTE | |||
r-devel-linux-x86_64-fedora-gcc | 1.1.0 | 274.16 | NOTE | |||
r-devel-windows-x86_64 | 1.1.0 | 3.00 | 192.00 | 195.00 | NOTE | |
r-patched-linux-x86_64 | 1.1.0 | 2.44 | 217.91 | 220.35 | NOTE | |
r-release-linux-x86_64 | 1.1.0 | 1.67 | 220.20 | 221.87 | NOTE | |
r-release-macos-arm64 | 1.1.0 | 63.00 | NOTE | |||
r-release-macos-x86_64 | 1.1.0 | 119.00 | NOTE | |||
r-release-windows-x86_64 | 1.1.0 | 3.00 | 194.00 | 197.00 | NOTE | |
r-oldrel-macos-arm64 | 1.1.0 | 79.00 | NOTE | |||
r-oldrel-macos-x86_64 | 1.1.0 | 128.00 | NOTE | |||
r-oldrel-windows-x86_64 | 1.1.0 | 3.00 | 227.00 | 230.00 | NOTE |
Version: 1.1.0
Check: LazyData
Result: NOTE
'LazyData' is specified without a 'data' directory
Flavors: r-devel-linux-x86_64-debian-clang, r-devel-linux-x86_64-debian-gcc, r-devel-linux-x86_64-fedora-clang, r-devel-linux-x86_64-fedora-gcc, r-devel-windows-x86_64, r-patched-linux-x86_64, r-release-linux-x86_64, r-release-macos-arm64, r-release-macos-x86_64, r-release-windows-x86_64, r-oldrel-macos-arm64, r-oldrel-macos-x86_64, r-oldrel-windows-x86_64