Last updated on 2024-07-18 09:52:40 CEST.
Flavor | Version | Tinstall | Tcheck | Ttotal | Status | Flags |
---|---|---|---|---|---|---|
r-devel-linux-x86_64-debian-clang | 1.3.7 | 4.60 | 61.63 | 66.23 | NOTE | |
r-devel-linux-x86_64-debian-gcc | 1.3.7 | 4.58 | 46.76 | 51.34 | NOTE | |
r-devel-linux-x86_64-fedora-clang | 1.3.7 | 92.94 | NOTE | |||
r-devel-linux-x86_64-fedora-gcc | 1.3.7 | 94.14 | NOTE | |||
r-devel-windows-x86_64 | 1.3.7 | 7.00 | 66.00 | 73.00 | NOTE | |
r-patched-linux-x86_64 | 1.3.7 | 6.24 | 57.68 | 63.92 | NOTE | |
r-release-linux-x86_64 | 1.3.7 | 4.38 | 59.98 | 64.36 | NOTE | |
r-release-macos-arm64 | 1.3.7 | 34.00 | NOTE | |||
r-release-macos-x86_64 | 1.3.7 | 49.00 | NOTE | |||
r-release-windows-x86_64 | 1.3.7 | 6.00 | 67.00 | 73.00 | NOTE | |
r-oldrel-macos-arm64 | 1.3.7 | 39.00 | NOTE | |||
r-oldrel-macos-x86_64 | 1.3.7 | 119.00 | NOTE | |||
r-oldrel-windows-x86_64 | 1.3.7 | 7.00 | 71.00 | 78.00 | NOTE |
Version: 1.3.7
Check: package dependencies
Result: NOTE
Package suggested but not available for checking: ‘prepr’
Flavors: r-devel-linux-x86_64-debian-clang, r-devel-linux-x86_64-debian-gcc, r-devel-linux-x86_64-fedora-clang, r-devel-linux-x86_64-fedora-gcc, r-devel-windows-x86_64, r-patched-linux-x86_64, r-release-linux-x86_64, r-release-macos-arm64, r-release-macos-x86_64, r-release-windows-x86_64, r-oldrel-macos-arm64, r-oldrel-macos-x86_64, r-oldrel-windows-x86_64
Version: 1.3.7
Check: Rd files
Result: NOTE
checkRd: (-1) wdpa_clean.Rd:23: Lost braces
23 | \item{crs}{\code{character} or code{integer} object representing a
| ^
Flavors: r-devel-linux-x86_64-debian-clang, r-devel-linux-x86_64-debian-gcc, r-devel-linux-x86_64-fedora-clang, r-devel-linux-x86_64-fedora-gcc, r-devel-windows-x86_64, r-patched-linux-x86_64, r-release-linux-x86_64, r-release-macos-arm64, r-release-macos-x86_64, r-release-windows-x86_64