Last updated on 2024-07-18 09:52:40 CEST.
Flavor | Version | Tinstall | Tcheck | Ttotal | Status | Flags |
---|---|---|---|---|---|---|
r-devel-linux-x86_64-debian-clang | 1.1.0 | 2.80 | 28.26 | 31.06 | OK | |
r-devel-linux-x86_64-debian-gcc | 1.1.0 | 1.75 | 20.72 | 22.47 | OK | |
r-devel-linux-x86_64-fedora-clang | 1.1.0 | 39.28 | OK | |||
r-devel-linux-x86_64-fedora-gcc | 1.1.0 | 35.78 | OK | |||
r-devel-windows-x86_64 | 1.1.0 | 4.00 | 45.00 | 49.00 | NOTE | |
r-patched-linux-x86_64 | 1.1.0 | 6.48 | 25.70 | 32.18 | OK | |
r-release-linux-x86_64 | 1.1.0 | 2.22 | 26.41 | 28.63 | OK | |
r-release-macos-arm64 | 1.1.0 | 17.00 | OK | |||
r-release-macos-x86_64 | 1.1.0 | 24.00 | OK | |||
r-release-windows-x86_64 | 1.1.0 | 4.00 | 46.00 | 50.00 | OK | |
r-oldrel-macos-arm64 | 1.1.0 | 21.00 | OK | |||
r-oldrel-macos-x86_64 | 1.1.0 | 37.00 | OK | |||
r-oldrel-windows-x86_64 | 1.1.0 | 4.00 | 46.00 | 50.00 | OK |
Version: 1.1.0
Check: Rd cross-references
Result: NOTE
Found the following Rd file(s) with Rd \link{} targets missing package
anchors:
add_cluster_button.Rd: leaflet
add_fullscreen_button.Rd: leaflet
add_home_button.Rd: leaflet
add_legend.Rd: leaflet
add_search_button.Rd: leaflet
Please provide package anchors for all Rd \link{} targets not in the
package itself and the base packages.
Flavor: r-devel-windows-x86_64