Last updated on 2024-07-18 09:52:40 CEST.
Flavor | Version | Tinstall | Tcheck | Ttotal | Status | Flags |
---|---|---|---|---|---|---|
r-devel-linux-x86_64-debian-clang | 1.11.0.1 | 20.88 | 336.98 | 357.86 | OK | |
r-devel-linux-x86_64-debian-gcc | 1.11.0.1 | 17.08 | 252.79 | 269.87 | OK | |
r-devel-linux-x86_64-fedora-clang | 1.11.0.1 | 466.53 | NOTE | |||
r-devel-linux-x86_64-fedora-gcc | 1.11.0.1 | 463.63 | OK | |||
r-devel-windows-x86_64 | 1.11.0.1 | 18.00 | 206.00 | 224.00 | NOTE | |
r-patched-linux-x86_64 | 1.11.0.1 | 26.43 | 329.42 | 355.85 | OK | |
r-release-linux-x86_64 | 1.11.0.1 | 16.97 | 324.91 | 341.88 | OK | |
r-release-macos-arm64 | 1.11.0.1 | 87.00 | NOTE | |||
r-release-macos-x86_64 | 1.11.0.1 | 148.00 | NOTE | |||
r-release-windows-x86_64 | 1.11.0.1 | 19.00 | 205.00 | 224.00 | NOTE | |
r-oldrel-macos-arm64 | 1.11.0.1 | 86.00 | NOTE | |||
r-oldrel-macos-x86_64 | 1.11.0.1 | 169.00 | NOTE | |||
r-oldrel-windows-x86_64 | 1.11.0.1 | 25.00 | 235.00 | 260.00 | NOTE |
Version: 1.11.0.1
Check: installed package size
Result: NOTE
installed size is 7.0Mb
sub-directories of 1Mb or more:
doc 3.5Mb
extdata 2.5Mb
Flavors: r-devel-linux-x86_64-fedora-clang, r-devel-windows-x86_64, r-release-macos-arm64, r-release-macos-x86_64, r-release-windows-x86_64, r-oldrel-macos-arm64, r-oldrel-macos-x86_64, r-oldrel-windows-x86_64
Version: 1.11.0.1
Check: Rd cross-references
Result: NOTE
Found the following Rd file(s) with Rd \link{} targets missing package
anchors:
corColumnOrder.Rd: moderTestXgrp, moderTest2grp
extractTestingResults.Rd: moderTest2grp, moderTestXgrp
Please provide package anchors for all Rd \link{} targets not in the
package itself and the base packages.
Flavor: r-devel-windows-x86_64
Version: 1.11.0.1
Check: package dependencies
Result: NOTE
Package suggested but not available for checking: ‘ROTS’
Flavors: r-oldrel-macos-arm64, r-oldrel-macos-x86_64