Last updated on 2024-07-18 09:52:40 CEST.
Flavor | Version | Tinstall | Tcheck | Ttotal | Status | Flags |
---|---|---|---|---|---|---|
r-devel-linux-x86_64-debian-clang | 0.1.2 | 198.13 | 71.46 | 269.59 | NOTE | |
r-devel-linux-x86_64-debian-gcc | 0.1.2 | 128.67 | 54.03 | 182.70 | NOTE | |
r-devel-linux-x86_64-fedora-clang | 0.1.2 | 396.95 | NOTE | |||
r-devel-linux-x86_64-fedora-gcc | 0.1.2 | 395.38 | NOTE | |||
r-devel-windows-x86_64 | 0.1.2 | 147.00 | 101.00 | 248.00 | NOTE | |
r-patched-linux-x86_64 | 0.1.2 | 131.21 | 68.87 | 200.08 | NOTE | |
r-release-linux-x86_64 | 0.1.2 | 119.15 | 69.68 | 188.83 | NOTE | |
r-release-macos-arm64 | 0.1.2 | 72.00 | NOTE | |||
r-release-macos-x86_64 | 0.1.2 | 72.00 | NOTE | |||
r-release-windows-x86_64 | 0.1.2 | 144.00 | 103.00 | 247.00 | NOTE | |
r-oldrel-macos-arm64 | 0.1.2 | 73.00 | NOTE | |||
r-oldrel-macos-x86_64 | 0.1.2 | 89.00 | NOTE | |||
r-oldrel-windows-x86_64 | 0.1.2 | 185.00 | 118.00 | 303.00 | OK |
Version: 0.1.2
Check: Rd files
Result: NOTE
checkRd: (-1) batch_modwt_wvar_cpp.Rd:36: Lost braces in \itemize; \value handles \item{}{} directly
checkRd: (-1) batch_modwt_wvar_cpp.Rd:37: Lost braces in \itemize; \value handles \item{}{} directly
checkRd: (-1) batch_modwt_wvar_cpp.Rd:38: Lost braces in \itemize; \value handles \item{}{} directly
checkRd: (-1) ci_eta3.Rd:19: Lost braces in \itemize; \value handles \item{}{} directly
checkRd: (-1) ci_eta3.Rd:20: Lost braces in \itemize; \value handles \item{}{} directly
checkRd: (-1) ci_eta3.Rd:21: Lost braces in \itemize; \value handles \item{}{} directly
checkRd: (-1) ci_eta3_robust.Rd:21: Lost braces in \itemize; \value handles \item{}{} directly
checkRd: (-1) ci_eta3_robust.Rd:22: Lost braces in \itemize; \value handles \item{}{} directly
checkRd: (-1) ci_eta3_robust.Rd:23: Lost braces in \itemize; \value handles \item{}{} directly
checkRd: (-1) ci_wave_variance.Rd:32: Lost braces in \itemize; \value handles \item{}{} directly
checkRd: (-1) ci_wave_variance.Rd:33: Lost braces in \itemize; \value handles \item{}{} directly
checkRd: (-1) ci_wave_variance.Rd:34: Lost braces in \itemize; \value handles \item{}{} directly
checkRd: (-1) modwt_wvar_cpp.Rd:36: Lost braces in \itemize; \value handles \item{}{} directly
checkRd: (-1) modwt_wvar_cpp.Rd:37: Lost braces in \itemize; \value handles \item{}{} directly
checkRd: (-1) modwt_wvar_cpp.Rd:38: Lost braces in \itemize; \value handles \item{}{} directly
checkRd: (-1) wvar_cpp.Rd:23: Lost braces in \itemize; \value handles \item{}{} directly
checkRd: (-1) wvar_cpp.Rd:24: Lost braces in \itemize; \value handles \item{}{} directly
checkRd: (-1) wvar_cpp.Rd:25: Lost braces in \itemize; \value handles \item{}{} directly
Flavors: r-devel-linux-x86_64-debian-clang, r-devel-linux-x86_64-debian-gcc, r-devel-linux-x86_64-fedora-clang, r-devel-linux-x86_64-fedora-gcc, r-devel-windows-x86_64, r-patched-linux-x86_64, r-release-linux-x86_64, r-release-macos-arm64, r-release-macos-x86_64, r-release-windows-x86_64
Version: 0.1.2
Check: installed package size
Result: NOTE
installed size is 7.3Mb
sub-directories of 1Mb or more:
libs 6.4Mb
Flavors: r-release-macos-arm64, r-release-macos-x86_64, r-oldrel-macos-arm64, r-oldrel-macos-x86_64