Last updated on 2025-07-05 04:50:30 CEST.
Flavor | Version | Tinstall | Tcheck | Ttotal | Status | Flags |
---|---|---|---|---|---|---|
r-devel-linux-x86_64-debian-clang | 0.1.2 | 1.76 | 23.21 | 24.97 | NOTE | |
r-devel-linux-x86_64-debian-gcc | 0.1.2 | 1.59 | 18.93 | 20.52 | NOTE | |
r-devel-linux-x86_64-fedora-clang | 0.1.2 | 40.48 | NOTE | |||
r-devel-linux-x86_64-fedora-gcc | 0.1.2 | 39.63 | NOTE | |||
r-devel-windows-x86_64 | 0.1.2 | 4.00 | 43.00 | 47.00 | NOTE | |
r-patched-linux-x86_64 | 0.1.2 | 2.26 | 22.07 | 24.33 | NOTE | |
r-release-linux-x86_64 | 0.1.2 | 1.81 | 21.88 | 23.69 | NOTE | |
r-release-macos-arm64 | 0.1.2 | 17.00 | NOTE | |||
r-release-macos-x86_64 | 0.1.2 | 31.00 | NOTE | |||
r-release-windows-x86_64 | 0.1.2 | 5.00 | 43.00 | 48.00 | NOTE | |
r-oldrel-macos-arm64 | 0.1.2 | 17.00 | NOTE | |||
r-oldrel-macos-x86_64 | 0.1.2 | 23.00 | NOTE | |||
r-oldrel-windows-x86_64 | 0.1.2 | 4.00 | 48.00 | 52.00 | NOTE |
Version: 0.1.2
Check: Rd files
Result: NOTE
checkRd: (-1) xml_to_df.Rd:144: Lost braces; missing escapes or markup?
144 | Default {NULL} means the workbook will not be protected with a password}
| ^
Flavors: r-devel-linux-x86_64-debian-clang, r-devel-linux-x86_64-debian-gcc, r-devel-linux-x86_64-fedora-clang, r-devel-linux-x86_64-fedora-gcc, r-devel-windows-x86_64, r-patched-linux-x86_64, r-release-linux-x86_64, r-release-macos-arm64, r-release-macos-x86_64, r-release-windows-x86_64, r-oldrel-macos-arm64, r-oldrel-macos-x86_64, r-oldrel-windows-x86_64