Last updated on 2024-07-18 09:52:40 CEST.
Flavor | Version | Tinstall | Tcheck | Ttotal | Status | Flags |
---|---|---|---|---|---|---|
r-devel-linux-x86_64-debian-clang | 1.0.3 | 17.94 | 254.58 | 272.52 | OK | |
r-devel-linux-x86_64-debian-gcc | 1.0.3 | 11.40 | 181.40 | 192.80 | OK | |
r-devel-linux-x86_64-fedora-clang | 1.0.3 | 356.64 | OK | |||
r-devel-linux-x86_64-fedora-gcc | 1.0.3 | 336.38 | OK | |||
r-devel-windows-x86_64 | 1.0.3 | 17.00 | 271.00 | 288.00 | NOTE | |
r-patched-linux-x86_64 | 1.0.3 | 28.01 | 241.52 | 269.53 | OK | |
r-release-linux-x86_64 | 1.0.3 | 9.16 | 241.68 | 250.84 | OK | |
r-release-macos-arm64 | 1.0.3 | 96.00 | OK | |||
r-release-macos-x86_64 | 1.0.3 | 164.00 | OK | |||
r-release-windows-x86_64 | 1.0.3 | 15.00 | 274.00 | 289.00 | OK | |
r-oldrel-macos-arm64 | 1.0.3 | 104.00 | OK | |||
r-oldrel-macos-x86_64 | 1.0.3 | 243.00 | OK | |||
r-oldrel-windows-x86_64 | 1.0.3 | 19.00 | 316.00 | 335.00 | OK |
Version: 1.0.3
Check: Rd cross-references
Result: NOTE
Found the following Rd file(s) with Rd \link{} targets missing package
anchors:
append_units.default.Rd: as_spork, as_latex, as_plotmath
io_csv.data.frame.Rd: as.csv
sub_units.Rd: as_latex.spar
Please provide package anchors for all Rd \link{} targets not in the
package itself and the base packages.
Flavor: r-devel-windows-x86_64