Last updated on 2024-07-18 09:52:40 CEST.
Flavor | Version | Tinstall | Tcheck | Ttotal | Status | Flags |
---|---|---|---|---|---|---|
r-devel-linux-x86_64-debian-clang | 1.15.27 | 169.13 | 268.02 | 437.15 | NOTE | |
r-devel-linux-x86_64-debian-gcc | 1.15.27 | 118.58 | 187.13 | 305.71 | NOTE | |
r-devel-linux-x86_64-fedora-clang | 1.15.27 | 455.93 | NOTE | |||
r-devel-linux-x86_64-fedora-gcc | 1.15.27 | 440.08 | NOTE | |||
r-devel-windows-x86_64 | 1.15.27 | 129.00 | 246.00 | 375.00 | NOTE | |
r-patched-linux-x86_64 | 1.15.27 | 135.38 | 249.97 | 385.35 | OK | |
r-release-linux-x86_64 | 1.15.27 | 150.71 | 252.38 | 403.09 | OK | |
r-release-macos-arm64 | 1.15.27 | 119.00 | NOTE | |||
r-release-macos-x86_64 | 1.15.27 | 208.00 | NOTE | |||
r-release-windows-x86_64 | 1.15.27 | 132.00 | 244.00 | 376.00 | OK | |
r-oldrel-macos-arm64 | 1.15.27 | 128.00 | NOTE | |||
r-oldrel-macos-x86_64 | 1.15.27 | 299.00 | NOTE | |||
r-oldrel-windows-x86_64 | 1.15.27 | 168.00 | 319.00 | 487.00 | OK |
Version: 1.15.27
Check: compiled code
Result: NOTE
File ‘yuima/libs/yuima.so’:
Found non-API call to R: ‘SET_TYPEOF’
Compiled code should not call non-API entry points in R.
See ‘Writing portable packages’ in the ‘Writing R Extensions’ manual,
and section ‘Moving into C API compliance’ for issues with the use of
non-API entry points.
Flavors: r-devel-linux-x86_64-debian-clang, r-devel-linux-x86_64-debian-gcc, r-devel-linux-x86_64-fedora-clang, r-devel-linux-x86_64-fedora-gcc
Version: 1.15.27
Check: Rd cross-references
Result: NOTE
Found the following Rd file(s) with Rd \link{} targets missing package
anchors:
cce.factor.Rd: glassoFast
cogarch.est.incr.rd: zoo
llag.Rd: zoo
llag.test.Rd: boot
setData.Rd: zoo
wllag.Rd: zoo
yuima-class.Rd: zoo
yuima.carma.qmle-class.Rd: zoo
yuima.data-class.Rd: zoo
Please provide package anchors for all Rd \link{} targets not in the
package itself and the base packages.
Flavor: r-devel-windows-x86_64
Version: 1.15.27
Check: compiled code
Result: NOTE
File 'yuima/libs/x64/yuima.dll':
Found non-API call to R: 'SET_TYPEOF'
Compiled code should not call non-API entry points in R.
See 'Writing portable packages' in the 'Writing R Extensions' manual,
and section 'Moving into C API compliance' for issues with the use of
non-API entry points.
Flavor: r-devel-windows-x86_64
Version: 1.15.27
Check: installed package size
Result: NOTE
installed size is 8.7Mb
sub-directories of 1Mb or more:
R 3.0Mb
libs 4.6Mb
Flavors: r-release-macos-arm64, r-release-macos-x86_64, r-oldrel-macos-arm64, r-oldrel-macos-x86_64