Last updated on 2024-07-18 09:52:40 CEST.
Flavor | Version | Tinstall | Tcheck | Ttotal | Status | Flags |
---|---|---|---|---|---|---|
r-devel-linux-x86_64-debian-clang | 2.0.0 | 6.69 | 60.62 | 67.31 | OK | |
r-devel-linux-x86_64-debian-gcc | 2.0.0 | 4.44 | 45.46 | 49.90 | OK | |
r-devel-linux-x86_64-fedora-clang | 2.0.0 | 84.28 | NOTE | |||
r-devel-linux-x86_64-fedora-gcc | 2.0.0 | 91.75 | NOTE | |||
r-devel-windows-x86_64 | 2.0.0 | 6.00 | 72.00 | 78.00 | OK | |
r-patched-linux-x86_64 | 2.0.0 | 4.56 | 57.52 | 62.08 | OK | |
r-release-linux-x86_64 | 2.0.0 | 4.07 | 58.41 | 62.48 | OK | |
r-release-macos-arm64 | 2.0.0 | 49.00 | OK | |||
r-release-macos-x86_64 | 2.0.0 | 66.00 | OK | |||
r-release-windows-x86_64 | 2.0.0 | 7.00 | 70.00 | 77.00 | OK | |
r-oldrel-macos-arm64 | 2.0.0 | 45.00 | OK | |||
r-oldrel-macos-x86_64 | 2.0.0 | 75.00 | OK | |||
r-oldrel-windows-x86_64 | 2.0.0 | 8.00 | 77.00 | 85.00 | OK |
Version: 2.0.0
Check: data for non-ASCII characters
Result: NOTE
Note: found 76 marked UTF-8 strings
Flavors: r-devel-linux-x86_64-fedora-clang, r-devel-linux-x86_64-fedora-gcc