Last updated on 2024-07-18 09:52:31 CEST.
Flavor | Version | Tinstall | Tcheck | Ttotal | Status | Flags |
---|---|---|---|---|---|---|
r-devel-linux-x86_64-debian-clang | 0.0.2 | 6.00 | 97.21 | 103.21 | NOTE | |
r-devel-linux-x86_64-debian-gcc | 0.0.2 | 4.92 | 73.98 | 78.90 | NOTE | |
r-devel-linux-x86_64-fedora-clang | 0.0.2 | 134.15 | NOTE | |||
r-devel-linux-x86_64-fedora-gcc | 0.0.2 | 148.20 | NOTE | |||
r-devel-windows-x86_64 | 0.0.2 | 9.00 | 87.00 | 96.00 | NOTE | |
r-patched-linux-x86_64 | 0.0.2 | 9.72 | 93.29 | 103.01 | NOTE | |
r-release-linux-x86_64 | 0.0.2 | 6.12 | 93.02 | 99.14 | NOTE | |
r-release-macos-arm64 | 0.0.2 | 38.00 | NOTE | |||
r-release-macos-x86_64 | 0.0.2 | 70.00 | NOTE | |||
r-release-windows-x86_64 | 0.0.2 | 6.00 | 87.00 | 93.00 | NOTE | |
r-oldrel-macos-arm64 | 0.0.2 | 46.00 | NOTE | |||
r-oldrel-macos-x86_64 | 0.0.2 | 72.00 | NOTE | |||
r-oldrel-windows-x86_64 | 0.0.2 | 9.00 | 102.00 | 111.00 | NOTE |
Version: 0.0.2
Check: LazyData
Result: NOTE
'LazyData' is specified without a 'data' directory
Flavors: r-devel-linux-x86_64-debian-clang, r-devel-linux-x86_64-debian-gcc, r-devel-linux-x86_64-fedora-clang, r-devel-linux-x86_64-fedora-gcc, r-devel-windows-x86_64, r-patched-linux-x86_64, r-release-linux-x86_64, r-release-macos-arm64, r-release-macos-x86_64, r-release-windows-x86_64, r-oldrel-macos-arm64, r-oldrel-macos-x86_64, r-oldrel-windows-x86_64
Version: 0.0.2
Check: Rd cross-references
Result: NOTE
Found the following Rd file(s) with Rd \link{} targets missing package
anchors:
Gb_lab.Rd: ggplot2
plot_coverage.Rd: ggplot2
Please provide package anchors for all Rd \link{} targets not in the
package itself and the base packages.
Flavor: r-devel-windows-x86_64